u - 2. Let j be v(-5). Let y = 75 + -48. What is the highest common factor of y and j?
3
Let m(y) = 2*y**3 + 4*y**2 - 3*y + 3. Let l be m(3). Calculate the highest common divisor of 28 and l.
28
Suppose 0 = 5*a + 2*f - 12, -4*f - 4 + 0 = -4*a. Suppose 4*q = -3*t + 4*t - 5, -34 = -2*t + a*q. Calculate the greatest common factor of 7 and t.
7
Let x(n) = n**2 + 3*n - 5. Let o be x(-7). Suppose -4*a + 37 = -o. What is the highest common factor of 5 and a?
5
Suppose 2*c = -6*f + f + 72, -103 = -3*c - 5*f. Suppose 3*h = -0*h + 54. Let g = c - h. Calculate the greatest common divisor of g and 52.
13
Suppose -4*y - f - 4*f = -27, 0 = 4*y - 3*f - 67. Suppose 12 = 4*w - 0. Suppose 36 - 114 = -w*s. What is the greatest common factor of y and s?
13
Let x be 5/10 + (-35)/(-2). Let o be 5/((-10)/x)*-9. Let r be o + 2 + (-3)/1. Calculate the greatest common factor of 10 and r.
10
Let c be (-8224)/(-34) - 12/(-102). Calculate the greatest common factor of 22 and c.
22
Let g be (-4)/26 + (-524)/(-26). What is the greatest common divisor of 4 and g?
4
Suppose -7*v + 0*v = -140. Calculate the highest common factor of v and 180.
20
Let w(b) = b + 91. Let z be w(0). Calculate the greatest common factor of 13 and z.
13
Suppose -2*w + 61 = 17. What is the greatest common factor of w and 176?
22
Let d(v) = -v**3 + 5*v**2 - 4*v - 1. Let s be d(3). Suppose -3*q = -s*i + 27, -4*i - 14 + 43 = 5*q. Calculate the highest common factor of i and 42.
6
Suppose 2*i - 314 = d, 0 = 5*i - 2*d - 1076 + 291. Let n = i + 18. Suppose 5*u = -5*o + 105, 4 - 20 = 4*u. Calculate the greatest common factor of n and o.
25
Let z = 141 - 93. What is the highest common divisor of 32 and z?
16
Let g(x) = -x**2 - 7*x - 6. Let p be g(-7). Let t be ((-2)/p)/((-4)/(-108)). What is the highest common divisor of t and 27?
9
Suppose 3*o - 2*o - 4 = 0. Suppose 3*c = -3*u + 225, -c - o*c - 3*u = -385. Suppose j - c = -j. What is the greatest common divisor of j and 10?
10
Let i be 24/36 - 70/(-3). Suppose 5*d - i = 41. Suppose a + 3*o - 10 = 72, -2*a - 2*o + 176 = 0. Calculate the greatest common factor of a and d.
13
Suppose -q + 60 = 3*q. Let c = -54 + 219. What is the highest common divisor of c and q?
15
Let p be ((-3)/(-2))/((-2)/(-4)). Suppose 3*a + 3*x + 2*x = 396, p*x - 396 = -3*a. Let u = a + -20. Calculate the highest common factor of u and 14.
14
Let h be (22/8)/(4/80). Let y(i) = -i**3 + 6*i**2 - 3*i + 4. Let b be y(3). Calculate the highest common factor of h and b.
11
Suppose 4*z - 82 = 38. Suppose 0 = 3*m + 3 + 9, -c - 2*m - 2 = 0. What is the greatest common factor of z and c?
6
Suppose -7*g + 2*g = -d - 8, -15 = -5*g. What is the highest common divisor of d and 35?
7
Let n = 298 + 182. Suppose 4*q = -i + 2*i + n, -i - 242 = -2*q. Let b(a) = -a**2 - 10*a - 7. Let s be b(-6). What is the greatest common divisor of s and q?
17
Let i be -3 + (3/9)/(5/75). Calculate the highest common divisor of i and 8.
2
Let n(d) = d + 7. Let t be n(6). Calculate the highest common factor of t and 117.
13
Suppose 0 = 4*r + 11 + 5. Let n be r + 1 - (-6 + 1). Calculate the highest common divisor of n and 18.
2
Let t be 2*(1020/8)/3. Calculate the greatest common factor of 34 and t.
17
Let g(c) = -c**2 + 1. Let q be g(-6). Let t = 17 + -12. Let b be (44/t)/((-7)/q). Calculate the highest common divisor of b and 11.
11
Let s(v) = v**2 + 4*v - 8. Let j be s(-6). Suppose -4*z + w = 6*w + 250, -2*z - 124 = 3*w. Let f = -37 - z. What is the highest common factor of f and j?
4
Let t(a) = 5*a + 3. Let u be t(6). Let k be 3 + -1 - 2/(-2). Calculate the highest common divisor of k and u.
3
Suppose -4*z - 4*l = -92, z - l - 82 = -3*z. Calculate the greatest common divisor of z and 84.
21
Let h be (3/6)/(2/12). Suppose -h*t - 9 = -4*t. Suppose -w = -2*w + t. Calculate the greatest common factor of 45 and w.
9
Suppose 5*g = 2*w - 21, -2*w - 4*g + 15 = -3*g. Calculate the greatest common factor of w and 1.
1
Suppose 3*z + s - 359 = 0, 3*s = 2*z - 2*s - 262. Calculate the greatest common factor of 11 and z.
11
Let i be (-282)/(-15) + 2/10. Suppose -x + 33 = -i. What is the greatest common divisor of 13 and x?
13
Let m = 91 + -84. Calculate the greatest common factor of m and 56.
7
Let y(j) = -j + 2*j**2 - 3*j**2 - 2 - j**2 + 3*j**3. Let w be y(2). Calculate the highest common factor of w and 48.
12
Let b(g) = 6*g**2 - 2*g - 3. Let d be b(3). What is the highest common factor of d and 5?
5
Suppose -3*h + 3*i = -78, -3*h + 0*h + 5*i = -86. Suppose -h - 26 = -4*p. Calculate the greatest common divisor of 96 and p.
12
Let i = -15 + -170. Let u = i + 262. Calculate the greatest common factor of u and 7.
7
Let d be (-4*4*(-3)/(-4))/(-1). What is the highest common factor of 28 and d?
4
Let p(r) = r**2 - 3*r - 6. Let w be p(7). Let i be (-2 + 0)/((-2)/44). Calculate the highest common factor of i and w.
22
Suppose x + 9 = -2*x - 2*j, -4*j - 8 = -4*x. Let m be (-4)/(-2) + (-10)/x. What is the highest common divisor of m and 96?
12
Let k(w) = -w + 2. Let h be k(-5). Let u = h - 7. Suppose 2*q - 276 + 52 = u. What is the highest common factor of 16 and q?
16
Suppose -2*w = 3*z - 4, 2*z - 7*z = -4*w + 30. Let a(f) = -7*f + w*f + f - 2. Let p be a(-9). Calculate the greatest common divisor of p and 21.
7
Let m = -85 - -127. Calculate the greatest common factor of m and 126.
42
Let j(r) = 4*r**2 + 4*r + 1. Let l be j(-6). What is the highest common factor of l and 11?
11
Let f be (-23)/(-4) - 1/(-4). Suppose -f*n + 2*n = -160. What is the highest common divisor of 60 and n?
20
Let u(d) = -d**3 - 6*d + 9*d**2 + 3 + 3 + 2. Let f be u(8). Calculate the greatest common divisor of f and 8.
8
Let u = 179 + -84. Calculate the greatest common factor of 38 and u.
19
Let f = 3 + -4. Let y be ((-1)/f + 0)*9. Calculate the greatest common divisor of y and 36.
9
Suppose 74 = -2*j + 3*z, 4*z - 3*z - 125 = 3*j. Let d = 60 + j. What is the greatest common factor of 85 and d?
17
Suppose 2*w - 5*y = 72, 5*y + 134 = 4*w - 0*y. Calculate the greatest common factor of 62 and w.
31
Suppose 3*j - o + 4*o - 147 = 0, 3*o = -4*j + 195. Suppose 4*s + 8 = x, 4*x + 0*s + 2*s - 50 = 0. Calculate the highest common factor of x and j.
12
Let j = -44 - -131. What is the greatest common divisor of j and 29?
29
Let n be 12 + (-3 - -3) + -2. Let r(o) = -o**2 + 19*o - 10. Let g be r(9). What is the highest common divisor of g and n?
10
Suppose -4 = -2*u, 4*c - 44 = -0*c + 2*u. What is the greatest common factor of 48 and c?
12
Suppose 10 = -2*c, 0 = -2*n + 4*c + 35 + 9. Let h be (-3)/(-2) - (-1323)/14. What is the greatest common divisor of n and h?
12
Let b = 49 + -35. Let k = 34 - b. Suppose 0 = -0*f + 5*f + 5, -9 = -i - f. What is the highest common factor of k and i?
10
Let o be (-114)/(-27) + 2/(-9). Let z be (o/10)/((-3)/(-1470)). What is the greatest common factor of 28 and z?
28
Let r(g) = 7*g + 1. Let c be r(1). Let l be (-6)/(-15) + 354/(-10). Let m = l + 51. Calculate the greatest common divisor of m and c.
8
Let o be 4/(-6) - (-342)/27. What is the greatest common divisor of o and 6?
6
Suppose 0 = -g + 3*j + 5, 5 + 0 = 3*g + j. Calculate the greatest common factor of 5 and g.
1
Let u be 402/12 - 1/2. Let f(o) = 3*o + 1. Let d be f(7). What is the greatest common factor of d and u?
11
Let q(h) = -h - 10. Let g be q(0). Let s = 0 - g. What is the highest common divisor of s and 10?
10
Let a(i) = 56*i. Let q be a(2). Suppose -5*h + 10 = -5. Suppose 0 = h*y - 20 - 28. Calculate the highest common factor of y and q.
16
Suppose -r - 28 = 3*r - 4*w, -4*w - 12 = 4*r. Let l = 1 - r. What is the highest common divisor of l and 18?
6
Let h be 4/((-16)/18)*-22. What is the highest common divisor of h and 11?
11
Let u be 45/(-6)*4/(-6). Let j be 410/12 - u/30. Let h = j + -19. What is the highest common factor of h and 15?
15
Let t(w) be the third derivative of w**5/60 - w**4/4 + w**3 + 4*w**2. Let a be t(6). Calculate the greatest common factor of a and 4.
2
Suppose -3*s + 72 + 72 = 0. Suppose -n + s = n. What is the greatest common divisor of 3 and n?
3
Suppose 3*a + a + 16 = 0, 5*a - 156 = -4*y. Calculate the greatest common divisor of 11 and y.
11
Suppose -b + 264 = 3*k + 2*b, -2*k - 4*b = -170. Suppose -5*w + w = 4*g - 36, 3*w = -2*g + 31. Calculate the greatest